uppose 2*p - 3 = 3*p + 2*x, 0 = 2*p + 2*x + 2. Suppose -2*g + 0 + 4 = 0. Let s(z) = 0*z + 5*z - 3*z**g - 4*z. Give s(p).
-2
Let l(j) = 2. Let h(n) = n - 1. Let y(t) = -2*h(t) - l(t). Let r be y(-3). Let f be (3 - 0)/(9/r). Let k(u) = u - 1. Calculate k(f).
1
Let p(d) = 7*d**2 - 12*d**2 + 1 + 6*d**2 - d**3. Let v be p(0). Let q(f) = f**2 - f. Give q(v).
0
Let o(s) = -s + 2. Suppose 12 = -0*d + 3*d. What is o(d)?
-2
Let o be (-2)/(-3) + 95/15. Let j(n) = 4*n - 1 + 4*n - o*n. Give j(1).
0
Let s(n) = n**2 - 3*n + 3. Suppose 16 = -2*y + 6*y. Let l be (-2)/(-9) + (-14)/63. Suppose l = 3*u - 4*u + y. What is s(u)?
7
Let i(h) = -h**3 + h**2 + 3*h + 1. Let c = 5 + -7. Give i(c).
7
Let f(d) be the third derivative of -d**6/120 + 3*d**5/20 - 7*d**4/24 - 11*d**3/6 + d**2. Let a be f(8). Let x(z) = -z**2 - 4*z - 2 + 5*z - 6*z. What is x(a)?
4
Let m(u) = 3*u**2 - 4*u - 2*u**2 - 1 - 2*u**2. Let y = 32 + -34. Calculate m(y).
3
Let f(j) = -3*j**3 - 13*j**2 + 7*j + 5. Let a(b) = -4*b**3 - 14*b**2 + 7*b + 4. Let d(c) = -4*a(c) + 5*f(c). Let r be d(8). Let q(z) = z - 1. Determine q(r).
0
Suppose 0*v - 2*t + 4 = -v, t - 11 = -v. Let b(g) = -2*g + 9. What is b(v)?
-3
Let k(j) = j. Let p(d) = 7*d + 5. Let r(x) = -6*k(x) + p(x). Let v be r(-5). Let n(s) = -s**2 + s - 7. Determine n(v).
-7
Let j be (-2 + 1)/((-1)/3). Suppose -j*o + 14 = -5*t - 2, 4*o + 3*t = 2. Let l(n) = 0 - o + n**2 + n + 0*n. Calculate l(-3).
4
Suppose 5*l + 1 = j + 4, -9 = 3*j. Let m(h) be the third derivative of h**6/120 - h**5/60 + h**4/24 + 7*h**3/6 + 2*h**2. Determine m(l).
7
Suppose 8 = 2*d - 2*i, 17 - 1 = 5*d - 4*i. Let s(h) = -h**2 + h - 7. Give s(d).
-7
Let k(q) = q**3 - 9*q**2 - q + 4. Let m be k(9). Let s(l) = 2*l + 2. What is s(m)?
-8
Let n(p) = p**2 - 2*p + 3. Let s be n(3). Suppose -s = -m + 3*m. Let d(b) = -b**3 - 4*b**2 - 4*b. Determine d(m).
3
Let w be ((-7)/2)/(3/(-6)). Let u(n) = n - 3. Determine u(w).
4
Let j = 117 - 121. Let h(g) = g**3 + 4*g**2 + 3*g + 3. Calculate h(j).
-9
Let d(l) = l**2 + 8*l + 7. Suppose 4*m - 12 = 0, -3*k = -0*k + m. Let n be -7 + 1 + 1 + k. Determine d(n).
-5
Let t(c) = 9*c + 1. Let q = -6 + 8. Let z be 6/q + (-20 - -3). Let o be 4/z - (-10)/(-14). Calculate t(o).
-8
Let f(k) be the second derivative of -k**5/20 + k**4/6 + k**3/3 + k**2/2 + k. Let x = -95 + 98. Calculate f(x).
-2
Let d(s) = 4*s**3 + s. Let l(b) = -b - 8. Let h be l(-9). Give d(h).
5
Let k be 3*(-2)/(-12)*10. Suppose -k*w = -w. Let d(s) = -s**3 - s + 1. Give d(w).
1
Let h = -4 + 0. Let i(n) be the third derivative of -n**5/60 - n**4/6 + n**3/2 - 4*n**2. Let a(x) be the first derivative of i(x). Give a(h).
4
Let o = 23 - 18. Let q(f) = -4*f**2 + f - f**3 + 3 + 9*f**2 + 2. Give q(o).
10
Let p(t) = 5. Suppose 0 = 2*f + 2*f - 8. Let n(s) = -s - 21. Let q(d) = d**3 + 7*d**2 + 9. Let w be q(-7). Let z(y) = f*n(y) + w*p(y). Determine z(5).
-7
Let b(s) = 4*s**2 + 9*s + 2. Let o(y) = -3*y**2 - y + 1. Let h(w) = 16*w**2 + 5*w - 6. Let a(r) = -2*h(r) - 11*o(r). Let q(z) = -5*a(z) + b(z). Give q(2).
1
Let k(w) = -10*w**2 - 5*w + 12. Let f(t) = 3*t**2 + 2*t - 4. Let m(s) = 7*f(s) + 2*k(s). Give m(-5).
1
Let s(k) = -19*k**2 - k. Let p be s(1). Let y = -5 - p. Let t be y/(-5) + 1*-1. Let m(o) = -o + 3. Give m(t).
7
Suppose 0 = -3*t + 7*t - 4. Let c be (3/((-3)/t))/1. Let f(r) = 8*r - 2. Let w(z) = -129*z + 33. Let i(p) = -33*f(p) - 2*w(p). Give i(c).
6
Suppose -g = 2 - 7. Let z(v) be the third derivative of -5*v**2 + 0 + 7/24*v**4 + 1/15*v**5 - 1/3*v**3 - 1/120*v**6 + 0*v. Give z(g).
8
Let w(v) = 3*v + 1. Let z be 1/4 + 21/12. Let d be ((-6)/(-10))/(z/10). Suppose 0 = -o + 2*o + 4*s - 7, 0 = d*o - s + 5. Calculate w(o).
-2
Let n(o) be the second derivative of -o**4/12 - o**3/3 + 5*o**2/2 - 6*o. Determine n(-5).
-10
Let h(a) be the second derivative of -a**4/12 + 2*a**3/3 - 3*a**2/2 + a. Suppose r + 2*r = 9. Give h(r).
0
Let x(f) = -f**2 + 4*f + 5. Let a(n) = -n**3 - n**2 + n + 2. Let l be a(-2). Give x(l).
5
Let q = -16 - -12. Let v be 0*q/(-32)*4. Let p(b) = -b**3 + b**2 + b - 1. Calculate p(v).
-1
Let c(d) = -d**3 - d**2 + d - 2. Let s(f) = -2*f + 2. Let z be s(-5). Let w = 12 - z. What is c(w)?
-2
Let x be (4/(-6))/((-6)/45). Suppose -2*i = -5*s + 38 - 8, -x*s = 3*i - 5. Let c(q) be the third derivative of q**6/120 - q**5/12 + q**4/8 - q**2. Give c(s).
-4
Let h(b) = -b + 5. Let y be h(0). Let u(q) = -4 - q**3 - q**2 + 7*q - 5*q**2 + 2*q**3. What is u(y)?
6
Let m(t) = -t - 11. Suppose 2*j = 5*q + 35, 3*q + 21 = -6*j + j. Let a be m(q). Let k(f) = f**2 + 3*f - 3. Calculate k(a).
1
Let q(j) = -j**3 + 8 - 5*j**2 - 3*j + 11*j - j**2. Calculate q(-7).
1
Let f = -9 - -13. Let i(o) be the first derivative of -o**3/3 + 3*o**2 - 5*o + 1. Give i(f).
3
Suppose 0 = -2*h - 3 - 5. Let o(c) = -1. Let m(x) be the second derivative of x**3/3 + 2*x**2 - 5*x. Let y(n) = m(n) + 2*o(n). Give y(h).
-6
Let j be 10/(-3)*(-6)/5. Let h(m) be the third derivative of m**4/24 + m**3/2 + 9*m**2. Calculate h(j).
7
Let s(t) = 7*t - 7. Suppose 3*w - b - b = 24, -2*b + 6 = 2*w. Let g(q) = -q + 1. Let p(o) = w*g(o) + s(o). Determine p(3).
2
Let f be (20/12)/((-1)/(-3)). Let p(h) = 2 - 4*h - 3*h**2 - 3*h + 4*h**2. Determine p(f).
-8
Suppose -30*v - 18 = -32*v. Let c(a) = a**3 - 9*a**2 + 2*a - 13. Calculate c(v).
5
Let x be (-2)/7 - (-860)/70. Let a be 1*(x/(-4) + 8). Let r(b) = -b**3 + 4*b**2 + b + 7. What is r(a)?
-13
Let g(n) = -n**2 + 1. Let b(l) = -5*l**3 + 7*l**2 - 2*l - 5. Let c(k) = -b(k) - 6*g(k). Give c(1).
5
Let a(t) be the first derivative of -t**5/60 - t**3/6 + t**2/2 + 1. Let r(y) be the second derivative of a(y). Give r(-2).
-5
Let g(w) = -7*w**3 + 4*w**2 + w + 1. Let a(x) = 4*x**3 - 2*x**2 - 1. Let l(i) = 5*a(i) + 3*g(i). Calculate l(3).
-2
Let f(b) = -5*b**3 - 9*b + 17. Let p(d) = -3*d**3 - 6*d + 11. Let l(x) = 5*f(x) - 8*p(x). Let v be (2 + -5)/((-3)/2). Give l(v).
-5
Let s(k) = -k**3 - 5*k**2 + k + 7. Suppose 0 = c + 2*c - 9. Suppose c*f = 2 + 13. Let p be (0 - 1)*f/1. Determine s(p).
2
Let n(o) = -19*o - 1. Let r(k) = -39*k - 3. Let b(g) = -5*n(g) + 2*r(g). Determine b(-1).
-18
Let w(u) = -u**2 + 7*u + 3. Let b(j) = -2*j**2 + 15*j + 6. Let k(p) = -2*b(p) + 5*w(p). Give k(6).
-3
Let t(d) = d**3 - 2*d + 1. Suppose 5*v - 2*a + 2 = 0, 4*v = 2*v - 3*a - 16. Calculate t(v).
-3
Let z(u) = -u - 12. Suppose 2*w - 4 = -r, 2*r + 2 = 2*w + 10. Determine z(w).
-12
Let u be ((-39)/52 - (-38)/8) + 0. Let y(o) be the second derivative of o**5/20 - o**4/3 - o**3/2 + o**2 + o. Calculate y(u).
-10
Let n(r) = -44*r - r**2 + 45*r - 6*r**2 - 1 - 3*r**2. Determine n(1).
-10
Let v(b) = -7*b**2 - 12*b + 1. Let o(h) = -3*h**2 - 6*h + 1. Let f(d) = 9*o(d) - 4*v(d). Suppose 3*y - 17 = 5*i + 8, -3*y + 5 = 5*i. Determine f(y).
0
Let s(x) = -x**2 + 10*x + 5. Let t be (30/8)/(42/112). What is s(t)?
5
Let g(t) = t**2 + 6*t + 4. Let j be -2 - (18/(-99) - (-92)/22). Determine g(j).
4
Let d(c) = -8*c - 10. Let j(w) = 9*w + 11. Let r(z) = -6*d(z) - 5*j(z). Calculate r(-4).
-7
Let r(x) = -9*x**2 - 23*x + 2. Let n(z) = -5*z**2 - 12*z + 1. Let q(y) = -11*n(y) + 6*r(y). Suppose -4*t + 2 = -14. What is q(t)?
-7
Let f(w) = 2*w**2 - 6*w**3 + 5*w**3 - 3*w**2 + 2 - w. Determine f(0).
2
Let p(j) = j**3 + 4*j**2 - 6*j - 4. Suppose 3*n = 7*n - 52. Let r(u) = -2*u**3 - 9*u**2 + 13*u + 8. Let l(h) = n*p(h) + 6*r(h). What is l(3)?
5
Suppose 0 = 3*b - 0 - 6. Let w(u) = -2*u**2 + 1 - 3*u + 2 + 3*u**2. Give w(b).
1
Let w(s) be the third derivative of s**4/12 - s**3/3 + 3*s**2. Let o be 1/(6/(-8) - -1). Determine w(o).
6
Let s(n) = -13*n**3 + 2*n**2 + 2*n - 3. Let c(t) = 12*t**3 - 3*t**2 - 2*t + 4. Let i(d) = -2*c(d) - 3*s(d). Calculate i(1).
14
Let v be (-18)/(((-6)/(-2))/(-3)). Suppose -c - 2*c = v. Let i be (-12)/18 - 28/c. Let a(p) = -2*p + 4. Determine a(i).
-4
Suppose -p + 3*p + 12 = 2*f, 3*f = 4*p + 21. Let u(t) = 3*t**f + 5*t + 3*t**2 - 2*t**3 - 1 - 2*t**3 - 5. Calculate u(4).
-2
Let s(o) = -4 + o - 1 + 4. Let q = 286 - 284. Give s(q).
1
Let g(l) = 15*l + 5. Suppose 0 = -4*p - 72 + 20. Let z(w) = -7*w - 2. Let s(h) = p*z(h) - 6*g(h). Determine s(4).
0
Let l(w) = w**2 + 5*w - 3. Suppose -3*b = -8*b - 20. Determine l(b).
-7
Let d(v) be the second derivative of v**5/20 - 5*v**4/12 - v**3/3 - v**2 + 25*v. Calculate d(3).
-26
Let j(i) = -12*i**2 - 3*i - 30. Let v(b